et v = 813 - 808. What is the greatest common factor of v and l?
5
Let l be 81 + 4*(-6)/3. Suppose -2*m - 3*m = 3*t - 110, l = 2*t + 3*m. Let f = 17 + -10. Calculate the highest common factor of f and t.
7
Suppose 7*a - 3478 = 386. Let c(s) = -s**3 + 9*s**2 - 8*s + 24. Let i be c(8). What is the greatest common divisor of a and i?
24
Let p(r) = -35*r - r**2 + 71*r - 35*r + 2*r**2. Let u be p(9). Suppose 0*o = -o + 10. Calculate the highest common factor of u and o.
10
Let w = 3246 - 3114. What is the highest common divisor of w and 121?
11
Suppose 4*z + 3*o + 77 - 200 = 0, -z + o + 29 = 0. Let n be 1100/15*18/4. What is the highest common divisor of n and z?
30
Suppose 0 = -3*x + 4*u - 22, 5*u - 43 = -34*x + 30*x. Calculate the greatest common divisor of 274 and x.
2
Let w = 122 + -60. Let h be 3/((-18)/186) - (-5 + 1). Let k = 58 + h. Calculate the greatest common divisor of k and w.
31
Suppose 2*z = 6*z - 1496. Let i be ((-8)/(-8))/(16/272). Calculate the greatest common divisor of i and z.
17
Let g = 1341 - 116. Calculate the highest common divisor of 25 and g.
25
Let p be (-465)/(-20) + 235/(-188). Calculate the highest common divisor of p and 2167.
11
Let r(x) = x**3 - x**2 + 8*x - 16. Let a be r(2). Suppose 4*u - 28 = -a*z, 3*z + 31 = 5*u - 12. Calculate the highest common factor of 88 and u.
8
Suppose -8*p - 79827 = -3*t, 40416 + 12840 = 2*t + p. Calculate the highest common factor of 30 and t.
15
Suppose 0 = 3*o - 2*j + 350, -2*o = 2*o - 2*j + 468. Let g be (1/3)/(o/(-39) + -3). Suppose 17*k - 12*k = 260. What is the greatest common factor of g and k?
13
Let w = 355 - 132. Suppose 3*i + w = 781. Calculate the greatest common divisor of i and 6.
6
Suppose 2*i - 47 + 3 = 0. Let j = -2096 - -3122. Suppose 5*z - 1796 + j = 0. What is the greatest common divisor of z and i?
22
Let b be ((-3710)/(-77))/(12/66). What is the highest common divisor of b and 2968?
53
Let p(j) = -10*j - 84. Suppose -4*i + 86 = 138. Let s be p(i). What is the highest common factor of 69 and s?
23
Let y = -726 - -1411. Calculate the highest common factor of y and 1233.
137
Suppose 0 = -t + 17*l - 14*l - 9, 4*t + l = 29. Calculate the highest common divisor of 1418 and t.
2
Let v be 4/(-14) + (270/63)/1. Suppose -20 - v = -12*y. What is the greatest common factor of 74 and y?
2
Suppose 10*k = -1181 + 4981. Let l(y) = -y**3 - 39*y**2 - 77*y - 91. Let w be l(-37). Calculate the greatest common divisor of k and w.
20
Let m = 2166 + -1962. Calculate the highest common factor of m and 396.
12
Let b = -7324 + 7340. Calculate the highest common divisor of b and 2888.
8
Let u = 13918 - 13856. Calculate the highest common factor of u and 18290.
62
Suppose 0*d + 14*d = 378. Let k(m) = -1 + 0 + 10 - m**2 + 3*m + 6*m. Let j be k(9). What is the greatest common factor of d and j?
9
Suppose 3*m + 1003 = 5*w - 9, -4*w - 5*m + 780 = 0. What is the highest common divisor of w and 1300?
100
Suppose -3*d - 138 = -5*d. Let a be 2/(8 - 286/33) + 18/3. Calculate the greatest common divisor of d and a.
3
Let u(k) = -3*k + 69. Let i be u(21). Calculate the highest common factor of i and 354.
6
Let t be ((-163)/(-163))/(2 - (-161)/(-81)). Calculate the greatest common divisor of t and 243.
81
Let k be 22/((2 - 8)/(-30)). What is the highest common divisor of k and 7370?
110
Let g = 185 - 181. Suppose -4*v + 52 = w - 3*w, -g*w + 40 = 4*v. What is the highest common factor of v and 108?
12
Let q = 28130 + -27714. Calculate the greatest common divisor of 17784 and q.
104
Let t(w) = 162*w - 4419. Let d be t(38). What is the greatest common divisor of d and 18?
9
Let x(f) = f**3 + 15*f**2 - 43*f - 72. Let c be x(-17). Let z = -39 - 30. Let q = c + z. Calculate the highest common factor of q and 60.
12
Let a be (-4)/(2/(-44)*1). Let y = -58 + a. Suppose 2*n + 0*n = 40. Calculate the greatest common divisor of n and y.
10
Let w be (-22)/(-11)*(-14)/(-4). Suppose -w*n + 118 = -407. Suppose -45 = -8*g + n. What is the greatest common factor of 45 and g?
15
Let v(y) = -y**3 + 54*y**2 - 242*y - 144. Let z be v(49). Calculate the greatest common factor of z and 453.
3
Suppose 0 = 4*s + 3*l - 204, -66*s + 62*s + 188 = l. Calculate the greatest common divisor of 20565 and s.
45
Let a = -17 - -29. Let p be (-84)/(-24)*16/14. Suppose 4 - 5 = -z, p*z + 656 = 5*r. Calculate the greatest common divisor of r and a.
12
Suppose -8*g - 17 = -33. Suppose 10*f - 9*f - 124 = x, 4*x + 258 = g*f. What is the greatest common factor of 21 and f?
7
Let w be 48/(-10 + 14)*-1*-13*89. What is the highest common factor of w and 12?
12
Suppose -5*h + 3*l + 8 = -4*h, 2*h + 5*l + 6 = 0. Suppose -107 - 43 = -h*t. What is the greatest common divisor of 125 and t?
25
Let a(m) = -3*m**3 + m**2 + 194*m + 1108. Let i be a(-6). Calculate the greatest common divisor of i and 5809.
157
Suppose 0 - 2 = -c. Suppose -c*i = -i + 4*p, -2*p - 90 = -4*i. Suppose -101 + 731 = 42*z. What is the greatest common divisor of i and z?
5
Suppose 5*d - 4104 = -7*d. Suppose 2*q = k + 5*q - 45, 5*k - 4*q - 301 = 0. What is the highest common factor of k and d?
57
Let s(d) = 30*d + 18. Suppose 0 + 6 = 6*i. Let m be s(i). Calculate the greatest common factor of 132 and m.
12
Suppose -14*p + 794 = 206. Suppose p*n - 72 = 348. What is the greatest common factor of 590 and n?
10
Let l = 8175 - 7695. Calculate the greatest common factor of 64 and l.
32
Let h(k) = -170*k**3 - 2*k**2 - 6*k - 54. Let i be h(-4). Calculate the highest common factor of i and 36.
18
Let i = 589 + -565. Let w(a) = -3*a**2 + 6 + 14*a**2 - 3*a**3 + 2*a**3 + a. Let c be w(6). Calculate the highest common factor of c and i.
24
Let r = 195 + -96. Let h(v) = -22*v - 17. Let j be h(-1). Suppose j*l - 19*l = -462. Calculate the greatest common factor of r and l.
33
Let a(c) = 4*c**2 + c - 483. Let j be a(14). What is the greatest common factor of 465 and j?
15
Let u(s) = -4*s + 48. Let m be u(12). Suppose m = 5*n + y - 5*y - 1420, -2*y = 10. What is the greatest common factor of 84 and n?
28
Suppose 20*h - 10*h - 560 = 3*h. Calculate the highest common factor of h and 10.
10
Let y be (-2)/(-63)*-3 - (4424/(-147) + -3). What is the highest common factor of y and 6589?
11
Let r(v) = -18*v - 105. Let p be r(-6). Suppose 7 + 5 = p*c - 3*o, 6 = 2*c - 3*o. What is the greatest common factor of c and 48?
6
Suppose 0 - 45 = -3*g. Let r(u) = -2*u**2 + 18*u - 24. Let s be r(7). Suppose 0 = -s*b + 42*b - 760. What is the greatest common divisor of g and b?
5
Suppose 44 = -0*x + 4*x. Suppose 2*l - 464 = 4*y, -5*l + 470 = -6*y + 2*y. Let m = x - y. What is the highest common factor of 14 and m?
14
Let f be (30/9 + -3)*45. Let j be (3/(-5))/((-1)/f). Suppose 0 = 19*y - 15*y - 72. What is the highest common factor of j and y?
9
Suppose -29 = -5*i + 36. Suppose -i*z = -1166 - 940. What is the greatest common divisor of 18 and z?
18
Suppose -15*o - 38 = -16*o. Suppose -10*u + 5*u + 99 = -k, 0 = -5*u - k + 91. What is the greatest common factor of o and u?
19
Suppose 0 = 4*x + 3*h - 120050, -3*h + 369 = 351. Calculate the greatest common divisor of 121 and x.
121
Let m = 36647 + -35661. What is the greatest common divisor of 510 and m?
34
Suppose 3*m = 5*m, f - 80 = -2*m. Let c(i) = -8798 + 91*i + 16536 - 8456. Let y be c(8). Calculate the highest common divisor of f and y.
10
Let y(g) = -13*g + 112. Let s be y(9). Let l be (-4)/s - 3*36/(-15). Calculate the greatest common divisor of l and 232.
8
Let j(g) = 5*g - 40. Let m be j(9). Let d be (25 + m)/(8/12 + 0). What is the greatest common divisor of 5 and d?
5
Suppose 48*u = 124*u + 37*u - 6780. Let x(d) = d**2 + d + 20. Let r be x(0). Calculate the greatest common factor of u and r.
20
Let k be 182/(-154) - (-2)/11. Let b(x) = -12*x**3 - 2*x**2 - 6*x - 2. Let o be b(k). Calculate the greatest common factor of o and 189.
7
Let b = 29280 - 25380. What is the greatest common factor of 80 and b?
20
Suppose 8492*l - 8500*l + 39528 = 0. What is the highest common factor of l and 324?
81
Suppose -39*g - 12 = -4*o - 35*g, 0 = 5*g - 30 - 20. Let f = 1 - 3. Let u be 9*(-2 - -13 - f). Calculate the highest common factor of o and u.
13
Let z be (1/(-5))/((-408)/6120). Calculate the greatest common divisor of 1032 and z.
3
Let x be 8*(-35)/(-30) - 2/(-3). Let f = -